[INFO] fetching crate wasmparser-nostd 0.100.1...
[INFO] checking wasmparser-nostd-0.100.1 against master#e6e4f7ed1589e03bc2f6c5931c1a72e7947e8682 for beta-170-4
[INFO] extracting crate wasmparser-nostd 0.100.1 into /workspace/builds/worker-0-tc2/source
[INFO] validating manifest of crates.io crate wasmparser-nostd 0.100.1 on toolchain e6e4f7ed1589e03bc2f6c5931c1a72e7947e8682
[INFO] running `Command { std: CARGO_HOME="/workspace/cargo-home" RUSTUP_HOME="/workspace/rustup-home" "/workspace/cargo-home/bin/cargo" "+e6e4f7ed1589e03bc2f6c5931c1a72e7947e8682" "metadata" "--manifest-path" "Cargo.toml" "--no-deps", kill_on_drop: false }`
[INFO] started tweaking crates.io crate wasmparser-nostd 0.100.1
[INFO] finished tweaking crates.io crate wasmparser-nostd 0.100.1
[INFO] tweaked toml for crates.io crate wasmparser-nostd 0.100.1 written to /workspace/builds/worker-0-tc2/source/Cargo.toml
[INFO] crate crates.io crate wasmparser-nostd 0.100.1 already has a lockfile, it will not be regenerated
[INFO] running `Command { std: CARGO_HOME="/workspace/cargo-home" RUSTUP_HOME="/workspace/rustup-home" "/workspace/cargo-home/bin/cargo" "+e6e4f7ed1589e03bc2f6c5931c1a72e7947e8682" "fetch" "--manifest-path" "Cargo.toml", kill_on_drop: false }`
[INFO] running `Command { std: "docker" "create" "-v" "/var/lib/crater-agent-workspace/builds/worker-0-tc2/target:/opt/rustwide/target:rw,Z" "-v" "/var/lib/crater-agent-workspace/builds/worker-0-tc2/source:/opt/rustwide/workdir:ro,Z" "-v" "/var/lib/crater-agent-workspace/cargo-home:/opt/rustwide/cargo-home:ro,Z" "-v" "/var/lib/crater-agent-workspace/rustup-home:/opt/rustwide/rustup-home:ro,Z" "-e" "SOURCE_DIR=/opt/rustwide/workdir" "-e" "CARGO_TARGET_DIR=/opt/rustwide/target" "-e" "CARGO_HOME=/opt/rustwide/cargo-home" "-e" "RUSTUP_HOME=/opt/rustwide/rustup-home" "-w" "/opt/rustwide/workdir" "-m" "1610612736" "--user" "0:0" "--network" "none" "ghcr.io/rust-lang/crates-build-env/linux@sha256:19e73879b68f455e41552ea35293514db52ea292d993f571636dbffedb77a1ee" "/opt/rustwide/cargo-home/bin/cargo" "+e6e4f7ed1589e03bc2f6c5931c1a72e7947e8682" "metadata" "--no-deps" "--format-version=1", kill_on_drop: false }`
[INFO] [stdout] 4c99b588ba1979e3837c955e87d70a303da9ed1c898941bf1f6d707c146c3b68
[INFO] running `Command { std: "docker" "start" "-a" "4c99b588ba1979e3837c955e87d70a303da9ed1c898941bf1f6d707c146c3b68", kill_on_drop: false }`
[INFO] running `Command { std: "docker" "inspect" "4c99b588ba1979e3837c955e87d70a303da9ed1c898941bf1f6d707c146c3b68", kill_on_drop: false }`
[INFO] running `Command { std: "docker" "rm" "-f" "4c99b588ba1979e3837c955e87d70a303da9ed1c898941bf1f6d707c146c3b68", kill_on_drop: false }`
[INFO] [stdout] 4c99b588ba1979e3837c955e87d70a303da9ed1c898941bf1f6d707c146c3b68
[INFO] running `Command { std: "docker" "create" "-v" "/var/lib/crater-agent-workspace/builds/worker-0-tc2/target:/opt/rustwide/target:rw,Z" "-v" "/var/lib/crater-agent-workspace/builds/worker-0-tc2/source:/opt/rustwide/workdir:ro,Z" "-v" "/var/lib/crater-agent-workspace/cargo-home:/opt/rustwide/cargo-home:ro,Z" "-v" "/var/lib/crater-agent-workspace/rustup-home:/opt/rustwide/rustup-home:ro,Z" "-e" "SOURCE_DIR=/opt/rustwide/workdir" "-e" "CARGO_TARGET_DIR=/opt/rustwide/target" "-e" "CARGO_INCREMENTAL=0" "-e" "RUST_BACKTRACE=full" "-e" "RUSTFLAGS=--cap-lints=forbid" "-e" "RUSTDOCFLAGS=--cap-lints=forbid" "-e" "CARGO_HOME=/opt/rustwide/cargo-home" "-e" "RUSTUP_HOME=/opt/rustwide/rustup-home" "-w" "/opt/rustwide/workdir" "-m" "1610612736" "--user" "0:0" "--network" "none" "ghcr.io/rust-lang/crates-build-env/linux@sha256:19e73879b68f455e41552ea35293514db52ea292d993f571636dbffedb77a1ee" "/opt/rustwide/cargo-home/bin/cargo" "+e6e4f7ed1589e03bc2f6c5931c1a72e7947e8682" "check" "--frozen" "--all" "--all-targets" "--message-format=json", kill_on_drop: false }`
[INFO] [stdout] 258b50c6c73effa432f0b3e8dd74cc2563658db77af10c79cdcaf788a33ef66c
[INFO] running `Command { std: "docker" "start" "-a" "258b50c6c73effa432f0b3e8dd74cc2563658db77af10c79cdcaf788a33ef66c", kill_on_drop: false }`
[INFO] [stderr]    Compiling crossbeam-utils v0.8.14
[INFO] [stderr]    Compiling serde v1.0.152
[INFO] [stderr]    Compiling memoffset v0.7.1
[INFO] [stderr]    Compiling libc v0.2.139
[INFO] [stderr]    Compiling crossbeam-epoch v0.9.13
[INFO] [stderr]    Compiling proc-macro2 v1.0.51
[INFO] [stderr]    Compiling quote v1.0.23
[INFO] [stderr]    Compiling unicode-ident v1.0.6
[INFO] [stderr]    Compiling num-traits v0.2.15
[INFO] [stderr]    Compiling serde_json v1.0.93
[INFO] [stderr]    Compiling syn v1.0.107
[INFO] [stderr]     Checking ryu v1.0.12
[INFO] [stderr]    Compiling rayon-core v1.10.2
[INFO] [stderr]    Compiling memchr v2.5.0
[INFO] [stderr]     Checking either v1.8.1
[INFO] [stderr]     Checking regex-automata v0.1.10
[INFO] [stderr]     Checking itoa v1.0.5
[INFO] [stderr]    Compiling serde_derive v1.0.152
[INFO] [stderr]     Checking plotters-backend v0.3.4
[INFO] [stderr]     Checking itertools v0.10.5
[INFO] [stderr]     Checking cast v0.3.0
[INFO] [stderr]     Checking half v1.8.2
[INFO] [stderr]     Checking plotters-svg v0.3.3
[INFO] [stderr]     Checking regex-syntax v0.6.28
[INFO] [stderr]     Checking same-file v1.0.6
[INFO] [stderr]    Compiling anyhow v1.0.69
[INFO] [stderr]     Checking clap v2.34.0
[INFO] [stderr]     Checking oorandom v11.1.3
[INFO] [stderr]     Checking indexmap-nostd v0.4.0
[INFO] [stderr]     Checking once_cell v1.17.0
[INFO] [stderr]     Checking walkdir v2.3.2
[INFO] [stderr]     Checking csv-core v0.1.10
[INFO] [stderr]     Checking wasmparser-nostd v0.100.1 (/opt/rustwide/workdir)
[INFO] [stderr]     Checking crossbeam-channel v0.5.6
[INFO] [stderr]     Checking crossbeam-deque v0.8.2
[INFO] [stderr]     Checking num_cpus v1.15.0
[INFO] [stderr]     Checking atty v0.2.14
[INFO] [stderr]     Checking regex v1.7.1
[INFO] [stderr]     Checking criterion-plot v0.4.5
[INFO] [stderr]     Checking plotters v0.3.4
[INFO] [stderr]     Checking rayon v1.6.1
[INFO] [stderr]     Checking bstr v0.2.17
[INFO] [stderr]     Checking serde_cbor v0.11.2
[INFO] [stderr]     Checking csv v1.1.6
[INFO] [stderr]     Checking tinytemplate v1.2.1
[INFO] [stderr]     Checking criterion v0.3.6
[INFO] [stdout] error[E0433]: failed to resolve: use of undeclared crate or module `wast`
[INFO] [stdout]   --> benches/benchmark.rs:53:33
[INFO] [stdout]    |
[INFO] [stdout] 53 |                 let buf = match wast::parser::ParseBuffer::new(&contents) {
[INFO] [stdout]    |                                 ^^^^ use of undeclared crate or module `wast`
[INFO] [stdout] 
[INFO] [stdout] 
[INFO] [stdout] error[E0433]: failed to resolve: use of undeclared crate or module `wast`
[INFO] [stdout]   --> benches/benchmark.rs:57:50
[INFO] [stdout]    |
[INFO] [stdout] 57 |                 let wast: wast::Wast<'_> = match wast::parser::parse(&buf) {
[INFO] [stdout]    |                                                  ^^^^ use of undeclared crate or module `wast`
[INFO] [stdout] 
[INFO] [stdout] 
[INFO] [stdout] error[E0433]: failed to resolve: use of undeclared crate or module `wast`
[INFO] [stdout]   --> benches/benchmark.rs:63:25
[INFO] [stdout]    |
[INFO] [stdout] 63 |                         wast::WastDirective::Wat(mut module) => {
[INFO] [stdout]    |                         ^^^^ use of undeclared crate or module `wast`
[INFO] [stdout] 
[INFO] [stdout] 
[INFO] [stdout] error[E0433]: failed to resolve: use of undeclared crate or module `wat`
[INFO] [stdout]   --> benches/benchmark.rs:47:35
[INFO] [stdout]    |
[INFO] [stdout] 47 |                 if let Ok(wasm) = wat::parse_file(&path) {
[INFO] [stdout]    |                                   ^^^ use of undeclared crate or module `wat`
[INFO] [stdout] 
[INFO] [stdout] 
[INFO] [stdout] error[E0433]: failed to resolve: use of undeclared crate or module `wast`
[INFO] [stdout]   --> benches/benchmark.rs:57:27
[INFO] [stdout]    |
[INFO] [stdout] 57 |                 let wast: wast::Wast<'_> = match wast::parser::parse(&buf) {
[INFO] [stdout]    |                           ^^^^ use of undeclared crate or module `wast`
[INFO] [stdout] 
[INFO] [stdout] 
[INFO] [stdout] error: aborting due to 5 previous errors
[INFO] [stdout] 
[INFO] [stdout] 
[INFO] [stdout] For more information about this error, try `rustc --explain E0433`.
[INFO] [stdout] 
[INFO] [stderr] error: could not compile `wasmparser-nostd` (bench "benchmark") due to 6 previous errors
[INFO] [stderr] warning: build failed, waiting for other jobs to finish...
[INFO] [stdout] error[E0433]: failed to resolve: use of undeclared crate or module `wat`
[INFO] [stdout]     --> src/validator.rs:1360:21
[INFO] [stdout]      |
[INFO] [stdout] 1360 |         let bytes = wat::parse_str(
[INFO] [stdout]      |                     ^^^ use of undeclared crate or module `wat`
[INFO] [stdout] 
[INFO] [stdout] 
[INFO] [stdout] error[E0433]: failed to resolve: use of undeclared crate or module `wat`
[INFO] [stdout]     --> src/validator.rs:1459:21
[INFO] [stdout]      |
[INFO] [stdout] 1459 |         let bytes = wat::parse_str(
[INFO] [stdout]      |                     ^^^ use of undeclared crate or module `wat`
[INFO] [stdout] 
[INFO] [stdout] 
[INFO] [stdout] error: aborting due to 2 previous errors
[INFO] [stdout] 
[INFO] [stdout] 
[INFO] [stdout] For more information about this error, try `rustc --explain E0433`.
[INFO] [stdout] 
[INFO] [stderr] error: could not compile `wasmparser-nostd` (lib test) due to 3 previous errors
[INFO] running `Command { std: "docker" "inspect" "258b50c6c73effa432f0b3e8dd74cc2563658db77af10c79cdcaf788a33ef66c", kill_on_drop: false }`
[INFO] running `Command { std: "docker" "rm" "-f" "258b50c6c73effa432f0b3e8dd74cc2563658db77af10c79cdcaf788a33ef66c", kill_on_drop: false }`
[INFO] [stdout] 258b50c6c73effa432f0b3e8dd74cc2563658db77af10c79cdcaf788a33ef66c
